{"id":2632,"date":"2020-09-09T04:49:43","date_gmt":"2020-09-09T09:19:43","guid":{"rendered":"https:\/\/carlossandoval.wpengine.com\/?page_id=2632"},"modified":"2021-01-21T00:50:46","modified_gmt":"2021-01-21T05:20:46","slug":"cancelacion-de-remocion","status":"publish","type":"page","link":"https:\/\/www.carlosesandoval.com\/es\/nuestros-servicios\/defensa-de-deportacion\/cancelacion-de-remocion\/","title":{"rendered":"Cancelaci\u00f3n de remoci\u00f3n"},"content":{"rendered":"[vc_row][vc_column][vc_column_text color=\u00bb#222222&#8243; font_size=\u00bb16px\u00bb]Cancelaci\u00f3n de remoci\u00f3n es una forma limitada de alivio para ciertos residentes permanentes y residentes no permanentes que cumplen criterios espec\u00edficos.[\/vc_column_text]<div class=\"vcex-spacing\" style=\"height:20px\"><\/div><div style=\"color:#222222;font-size:1.1428571428571428rem;\" class=\"vcex-module vcex-bullets custom-icon\">\n<ul>\n<li><div class=\"vcex-bullets-ci-wrap\"><span class=\"vcex-icon-wrap\"><span class=\"vcex-icon ticon ticon-hand-o-right\" style=\"color:#c79d63\" aria-hidden=\"true\"><\/span><\/span><div class=\"vcex-content\"><strong>Cancelaci\u00f3n de expulsi\u00f3n para ciertos residentes no-legales:<\/strong> est\u00e1 disponible para ciertos residentes no permanentes que se encuentran en proceso de deportaci\u00f3n ante un juez de inmigraci\u00f3n. Para calificar el residente permanente no tiene que haber residido en los Estados Unidos. continuamente durante al menos diez a\u00f1os. La persona debe tener un buen car\u00e1cter moral y tendr\u00eda que establecer quitaron eso si causar\u00eda dificultad excepcional y extremadamente inusual a su residente permanente o de los E.E.U.U. ciudadano familiares directos como c\u00f3nyuge, padre o ni\u00f1o. Una vez que el juez de inmigraci\u00f3n revisa el archivo, el juez puede optar por cancelar el proceso de remoci\u00f3n y conceder la residencia permanente de extranjeros. El solicitante debe tener un residente legal permanente o c\u00f3nyuge de ciudadano de Estados Unidos, padres o hijos menores de 21 a\u00f1os que va a sufrir dificultades excepcionales y extremadamente inusuales Si el solicitante es deportado. Debe tener suficiente prueba de presencia f\u00edsica continua en los Estados Unidos durante al menos 10 a\u00f1os antes de que se active la regla de tiempo de parada; se permiten ausencias individuales de hasta 90 d\u00edas, siempre y cuando el total es de no m\u00e1s de 180 d\u00edas. El solicitante no puede tener cualquier condena penal que lo inadmisible o deportable. Por \u00faltimo, el solicitante no puede tener ninguna otra actividad que, al revisar el expediente en su conjunto, tienden a mostrar que \u00e9l o ella carec\u00eda de buen car\u00e1cter moral durante los 10 a\u00f1os antes de la audiencia<\/div><\/div><\/li>\n<\/ul>\n<\/div><div style=\"color:#222222;font-size:1.1428571428571428rem;\" class=\"vcex-module vcex-bullets custom-icon\">\n<ul>\n<li><div class=\"vcex-bullets-ci-wrap\"><span class=\"vcex-icon-wrap\"><span class=\"vcex-icon ticon ticon-hand-o-right\" style=\"color:#c79d63\" aria-hidden=\"true\"><\/span><\/span><div class=\"vcex-content\"><strong>Cancelaci\u00f3n de expulsi\u00f3n para ciertos residentes permanentes:<\/strong> esta forma de relieve es para aquellos que son residentes permanentes y cumplir con ciertos requisitos. En primer lugar, el solicitante debe haber sido residente permanente legal por 5 a\u00f1os en el momento de que la solicitud. En segundo lugar, debe tener residencia continua en los Estados Unidos por al menos 7 a\u00f1os despu\u00e9s de ser admitido en cualquier Estado y antes de la regla de tiempo de parada es hab\u00eda accionado (v\u00e9ase abajo). En tercer lugar, no puede tener una condena por un delito mayor agravado. Es importante tener en cuenta que este tipo de cancelaci\u00f3n de remoci\u00f3n no requiere una demostraci\u00f3n de cualquier nivel de dificultad, ya sea para el solicitante o su familia. Sin embargo, los delitos m\u00e1s graves requieren acciones m\u00e1s importantes para justificar la cancelaci\u00f3n. Jueces de Inmigraci\u00f3n considerar\u00e1 la duraci\u00f3n de la residencia en los Estados Unidos, familia y v\u00ednculos comunitarios aqu\u00ed, trabajo de servicio comunitario, la participaci\u00f3n en clubes u organizaciones religiosas, la capacidad de idioma en el pa\u00eds de retiro de la propuesta, de trabajo historia, presentaci\u00f3n de impuestos y sobre todo aceptaci\u00f3n de responsabilidad por el crimen y la prueba de rehabilitaci\u00f3n oportuna.<\/div><\/div><\/li>\n<\/ul>\n<\/div>[\/vc_column][\/vc_row][vc_row][vc_column]<div class=\"vcex-spacing\" style=\"height:50px\"><\/div>[\/vc_column][\/vc_row]\n","protected":false},"excerpt":{"rendered":"<p>Cancelaci\u00f3n de expulsi\u00f3n es una forma limitada de alivio para ciertos residentes permanentes y residentes no permanentes que cumplen determinados\u2026<\/p>\n","protected":false},"author":2,"featured_media":6228,"parent":2680,"menu_order":1,"comment_status":"closed","ping_status":"closed","template":"","meta":{"_joinchat":[],"footnotes":""},"class_list":["post-2632","page","type-page","status-publish","has-post-thumbnail","hentry","entry","has-media"],"yoast_head":"<!-- This site is optimized with the Yoast SEO plugin v15.3 - https:\/\/yoast.com\/wordpress\/plugins\/seo\/ -->\n<title>Cancelaci\u00f3n de remoci\u00f3n | Bilingual Immigration Attorney in South Florida - Bilingual Immigration Attorney in South Florida<\/title>\n<meta name=\"robots\" content=\"index, follow, max-snippet:-1, max-image-preview:large, max-video-preview:-1\" \/>\n<link rel=\"canonical\" href=\"https:\/\/www.carlosesandoval.com\/es\/nuestros-servicios\/defensa-de-deportacion\/cancelacion-de-remocion\/\" \/>\n<meta property=\"og:locale\" content=\"es_ES\" \/>\n<meta property=\"og:type\" content=\"article\" \/>\n<meta property=\"og:title\" content=\"Cancelaci\u00f3n de remoci\u00f3n | Bilingual Immigration Attorney in South Florida - Bilingual Immigration Attorney in South Florida\" \/>\n<meta property=\"og:description\" content=\"Cancelaci\u00f3n de expulsi\u00f3n es una forma limitada de alivio para ciertos residentes permanentes y residentes no permanentes que cumplen determinados\u2026\" \/>\n<meta property=\"og:url\" content=\"https:\/\/www.carlosesandoval.com\/es\/nuestros-servicios\/defensa-de-deportacion\/cancelacion-de-remocion\/\" \/>\n<meta property=\"og:site_name\" content=\"Carlos Sandoval\" \/>\n<meta property=\"article:publisher\" content=\"https:\/\/www.facebook.com\/carlosesandovalpa\" \/>\n<meta property=\"article:author\" content=\"http:\/\/www.facebook.com\/carlosesandovalpa\" \/>\n<meta property=\"article:modified_time\" content=\"2021-01-21T05:20:46+00:00\" \/>\n<meta property=\"og:image\" content=\"https:\/\/www.carlosesandoval.com\/wp-content\/uploads\/2020\/12\/removal_defense_1.jpg\" \/>\n\t<meta property=\"og:image:width\" content=\"288\" \/>\n\t<meta property=\"og:image:height\" content=\"95\" \/>\n<meta name=\"twitter:card\" content=\"summary_large_image\" \/>\n<meta name=\"twitter:title\" content=\"Cancelaci\u00f3n de remoci\u00f3n | Bilingual Immigration Attorney in South Florida - Bilingual Immigration Attorney in South Florida\" \/>\n<meta name=\"twitter:label1\" content=\"Escrito por\">\n\t<meta name=\"twitter:data1\" content=\"Carlos Sandoval\">\n\t<meta name=\"twitter:label2\" content=\"Tiempo de lectura\">\n\t<meta name=\"twitter:data2\" content=\"2 minutos\">\n<script type=\"application\/ld+json\" class=\"yoast-schema-graph\">{\"@context\":\"https:\/\/schema.org\",\"@graph\":[{\"@type\":\"Organization\",\"@id\":\"https:\/\/www.carlosesandoval.com\/#organization\",\"name\":\"Carlos E. Sandoval, P.A.\",\"url\":\"https:\/\/www.carlosesandoval.com\/\",\"sameAs\":[\"https:\/\/www.facebook.com\/carlosesandovalpa\",\"https:\/\/www.instagram.com\/carlosesandovalpa\/\",\"https:\/\/www.linkedin.com\/in\/carlosesandoval\/\",\"https:\/\/www.youtube.com\/channel\/UCjV8Lal1X8egP2Wi1r6-eLg\"],\"logo\":{\"@type\":\"ImageObject\",\"@id\":\"https:\/\/www.carlosesandoval.com\/#logo\",\"inLanguage\":\"es\",\"url\":\"https:\/\/www.carlosesandoval.com\/wp-content\/uploads\/2022\/05\/logo-2x-retina.png\",\"width\":848,\"height\":134,\"caption\":\"Carlos E. Sandoval, P.A.\"},\"image\":{\"@id\":\"https:\/\/www.carlosesandoval.com\/#logo\"}},{\"@type\":\"WebSite\",\"@id\":\"https:\/\/www.carlosesandoval.com\/#website\",\"url\":\"https:\/\/www.carlosesandoval.com\/\",\"name\":\"Carlos Sandoval, P.A.\",\"description\":\"\",\"publisher\":{\"@id\":\"https:\/\/www.carlosesandoval.com\/#organization\"},\"potentialAction\":[{\"@type\":\"SearchAction\",\"target\":\"https:\/\/www.carlosesandoval.com\/?s={search_term_string}\",\"query-input\":\"required name=search_term_string\"}],\"inLanguage\":\"es\"},{\"@type\":\"ImageObject\",\"@id\":\"https:\/\/www.carlosesandoval.com\/es\/nuestros-servicios\/defensa-de-deportacion\/cancelacion-de-remocion\/#primaryimage\",\"inLanguage\":\"es\",\"url\":\"https:\/\/www.carlosesandoval.com\/wp-content\/uploads\/2020\/12\/removal_defense_1.jpg\",\"width\":288,\"height\":95,\"caption\":\"Cancellation Of Removal\"},{\"@type\":\"WebPage\",\"@id\":\"https:\/\/www.carlosesandoval.com\/es\/nuestros-servicios\/defensa-de-deportacion\/cancelacion-de-remocion\/#webpage\",\"url\":\"https:\/\/www.carlosesandoval.com\/es\/nuestros-servicios\/defensa-de-deportacion\/cancelacion-de-remocion\/\",\"name\":\"Cancelaci\\u00f3n de remoci\\u00f3n | Bilingual Immigration Attorney in South Florida - Bilingual Immigration Attorney in South Florida\",\"isPartOf\":{\"@id\":\"https:\/\/www.carlosesandoval.com\/#website\"},\"primaryImageOfPage\":{\"@id\":\"https:\/\/www.carlosesandoval.com\/es\/nuestros-servicios\/defensa-de-deportacion\/cancelacion-de-remocion\/#primaryimage\"},\"datePublished\":\"2020-09-09T09:19:43+00:00\",\"dateModified\":\"2021-01-21T05:20:46+00:00\",\"breadcrumb\":{\"@id\":\"https:\/\/www.carlosesandoval.com\/es\/nuestros-servicios\/defensa-de-deportacion\/cancelacion-de-remocion\/#breadcrumb\"},\"inLanguage\":\"es\",\"potentialAction\":[{\"@type\":\"ReadAction\",\"target\":[\"https:\/\/www.carlosesandoval.com\/es\/nuestros-servicios\/defensa-de-deportacion\/cancelacion-de-remocion\/\"]}]},{\"@type\":\"BreadcrumbList\",\"@id\":\"https:\/\/www.carlosesandoval.com\/es\/nuestros-servicios\/defensa-de-deportacion\/cancelacion-de-remocion\/#breadcrumb\",\"itemListElement\":[{\"@type\":\"ListItem\",\"position\":1,\"item\":{\"@type\":\"WebPage\",\"@id\":\"https:\/\/www.carlosesandoval.com\/\",\"url\":\"https:\/\/www.carlosesandoval.com\/\",\"name\":\"Home\"}},{\"@type\":\"ListItem\",\"position\":2,\"item\":{\"@type\":\"WebPage\",\"@id\":\"https:\/\/www.carlosesandoval.com\/es\/nuestros-servicios\/\",\"url\":\"https:\/\/www.carlosesandoval.com\/es\/nuestros-servicios\/\",\"name\":\"Nuestros Servicios\"}},{\"@type\":\"ListItem\",\"position\":3,\"item\":{\"@type\":\"WebPage\",\"@id\":\"https:\/\/www.carlosesandoval.com\/es\/nuestros-servicios\/defensa-de-deportacion\/\",\"url\":\"https:\/\/www.carlosesandoval.com\/es\/nuestros-servicios\/defensa-de-deportacion\/\",\"name\":\"Defensa de Deportaci\\u00f3n\"}},{\"@type\":\"ListItem\",\"position\":4,\"item\":{\"@type\":\"WebPage\",\"@id\":\"https:\/\/www.carlosesandoval.com\/es\/nuestros-servicios\/defensa-de-deportacion\/cancelacion-de-remocion\/\",\"url\":\"https:\/\/www.carlosesandoval.com\/es\/nuestros-servicios\/defensa-de-deportacion\/cancelacion-de-remocion\/\",\"name\":\"Cancelaci\\u00f3n de remoci\\u00f3n\"}}]}]}<\/script>\n<!-- \/ Yoast SEO plugin. -->","_links":{"self":[{"href":"https:\/\/www.carlosesandoval.com\/es\/wp-json\/wp\/v2\/pages\/2632","targetHints":{"allow":["GET"]}}],"collection":[{"href":"https:\/\/www.carlosesandoval.com\/es\/wp-json\/wp\/v2\/pages"}],"about":[{"href":"https:\/\/www.carlosesandoval.com\/es\/wp-json\/wp\/v2\/types\/page"}],"author":[{"embeddable":true,"href":"https:\/\/www.carlosesandoval.com\/es\/wp-json\/wp\/v2\/users\/2"}],"replies":[{"embeddable":true,"href":"https:\/\/www.carlosesandoval.com\/es\/wp-json\/wp\/v2\/comments?post=2632"}],"version-history":[{"count":0,"href":"https:\/\/www.carlosesandoval.com\/es\/wp-json\/wp\/v2\/pages\/2632\/revisions"}],"up":[{"embeddable":true,"href":"https:\/\/www.carlosesandoval.com\/es\/wp-json\/wp\/v2\/pages\/2680"}],"wp:featuredmedia":[{"embeddable":true,"href":"https:\/\/www.carlosesandoval.com\/es\/wp-json\/wp\/v2\/media\/6228"}],"wp:attachment":[{"href":"https:\/\/www.carlosesandoval.com\/es\/wp-json\/wp\/v2\/media?parent=2632"}],"curies":[{"name":"wp","href":"https:\/\/api.w.org\/{rel}","templated":true}]}}

Cancelación de remoción

[vc_row][vc_column][vc_column_text color=»#222222&#8243; font_size=»16px»]Cancelación de remoción es una forma limitada de alivio para ciertos residentes permanentes y residentes no permanentes que cumplen criterios específicos.[/vc_column_text]<div class="vcex-spacing" style="height:20px"></div><div style="color:#222222;font-size:1.1428571428571428rem;" class="vcex-module vcex-bullets custom-icon">
<ul>
<li><div class="vcex-bullets-ci-wrap"><span class="vcex-icon-wrap"><span class="vcex-icon ticon ticon-hand-o-right" style="color:#c79d63" aria-hidden="true"></span></span><div class="vcex-content"><strong>Cancelación de expulsión para ciertos residentes no-legales:</strong> está disponible para ciertos residentes no permanentes que se encuentran en proceso de deportación ante un juez de inmigración. Para calificar el residente permanente no tiene que haber residido en los Estados Unidos. continuamente durante al menos diez años. La persona debe tener un buen carácter moral y tendría que establecer quitaron eso si causaría dificultad excepcional y extremadamente inusual a su residente permanente o de los E.E.U.U. ciudadano familiares directos como cónyuge, padre o niño. Una vez que el juez de inmigración revisa el archivo, el juez puede optar por cancelar el proceso de remoción y conceder la residencia permanente de extranjeros. El solicitante debe tener un residente legal permanente o cónyuge de ciudadano de Estados Unidos, padres o hijos menores de 21 años que va a sufrir dificultades excepcionales y extremadamente inusuales Si el solicitante es deportado. Debe tener suficiente prueba de presencia física continua en los Estados Unidos durante al menos 10 años antes de que se active la regla de tiempo de parada; se permiten ausencias individuales de hasta 90 días, siempre y cuando el total es de no más de 180 días. El solicitante no puede tener cualquier condena penal que lo inadmisible o deportable. Por último, el solicitante no puede tener ninguna otra actividad que, al revisar el expediente en su conjunto, tienden a mostrar que él o ella carecía de buen carácter moral durante los 10 años antes de la audiencia</div></div></li>
</ul>
</div><div style="color:#222222;font-size:1.1428571428571428rem;" class="vcex-module vcex-bullets custom-icon">
<ul>
<li><div class="vcex-bullets-ci-wrap"><span class="vcex-icon-wrap"><span class="vcex-icon ticon ticon-hand-o-right" style="color:#c79d63" aria-hidden="true"></span></span><div class="vcex-content"><strong>Cancelación de expulsión para ciertos residentes permanentes:</strong> esta forma de relieve es para aquellos que son residentes permanentes y cumplir con ciertos requisitos. En primer lugar, el solicitante debe haber sido residente permanente legal por 5 años en el momento de que la solicitud. En segundo lugar, debe tener residencia continua en los Estados Unidos por al menos 7 años después de ser admitido en cualquier Estado y antes de la regla de tiempo de parada es había accionado (véase abajo). En tercer lugar, no puede tener una condena por un delito mayor agravado. Es importante tener en cuenta que este tipo de cancelación de remoción no requiere una demostración de cualquier nivel de dificultad, ya sea para el solicitante o su familia. Sin embargo, los delitos más graves requieren acciones más importantes para justificar la cancelación. Jueces de Inmigración considerará la duración de la residencia en los Estados Unidos, familia y vínculos comunitarios aquí, trabajo de servicio comunitario, la participación en clubes u organizaciones religiosas, la capacidad de idioma en el país de retiro de la propuesta, de trabajo historia, presentación de impuestos y sobre todo aceptación de responsabilidad por el crimen y la prueba de rehabilitación oportuna.</div></div></li>
</ul>
</div>[/vc_column][/vc_row][vc_row][vc_column]<div class="vcex-spacing" style="height:50px"></div>[/vc_column][/vc_row]

<p>Cancelación de expulsión es una forma limitada de alivio para ciertos residentes permanentes y residentes no permanentes que cumplen determinados…</p>

<!-- This site is optimized with the Yoast SEO plugin v15.3 - https://yoast.com/wordpress/plugins/seo/ -->
<title>Cancelación de remoción | Bilingual Immigration Attorney in South Florida - Bilingual Immigration Attorney in South Florida</title>
<meta name="robots" content="index, follow, max-snippet:-1, max-image-preview:large, max-video-preview:-1" />
<link rel="canonical" href="https://www.carlosesandoval.com/es/nuestros-servicios/defensa-de-deportacion/cancelacion-de-remocion/" />
<meta property="og:locale" content="es_ES" />
<meta property="og:type" content="article" />
<meta property="og:title" content="Cancelación de remoción | Bilingual Immigration Attorney in South Florida - Bilingual Immigration Attorney in South Florida" />
<meta property="og:description" content="Cancelación de expulsión es una forma limitada de alivio para ciertos residentes permanentes y residentes no permanentes que cumplen determinados…" />
<meta property="og:url" content="https://www.carlosesandoval.com/es/nuestros-servicios/defensa-de-deportacion/cancelacion-de-remocion/" />
<meta property="og:site_name" content="Carlos Sandoval" />
<meta property="article:publisher" content="https://www.facebook.com/carlosesandovalpa" />
<meta property="article:author" content="http://www.facebook.com/carlosesandovalpa" />
<meta property="article:modified_time" content="2021-01-21T05:20:46+00:00" />
<meta property="og:image" content="https://www.carlosesandoval.com/wp-content/uploads/2020/12/removal_defense_1.jpg" />
	<meta property="og:image:width" content="288" />
	<meta property="og:image:height" content="95" />
<meta name="twitter:card" content="summary_large_image" />
<meta name="twitter:title" content="Cancelación de remoción | Bilingual Immigration Attorney in South Florida - Bilingual Immigration Attorney in South Florida" />
<meta name="twitter:label1" content="Escrito por">
	<meta name="twitter:data1" content="Carlos Sandoval">
	<meta name="twitter:label2" content="Tiempo de lectura">
	<meta name="twitter:data2" content="2 minutos">
<script type="application/ld+json" class="yoast-schema-graph">{"@context":"https://schema.org","@graph":[{"@type":"Organization","@id":"https://www.carlosesandoval.com/#organization","name":"Carlos E. Sandoval, P.A.","url":"https://www.carlosesandoval.com/","sameAs":["https://www.facebook.com/carlosesandovalpa","https://www.instagram.com/carlosesandovalpa/","https://www.linkedin.com/in/carlosesandoval/","https://www.youtube.com/channel/UCjV8Lal1X8egP2Wi1r6-eLg"],"logo":{"@type":"ImageObject","@id":"https://www.carlosesandoval.com/#logo","inLanguage":"es","url":"https://www.carlosesandoval.com/wp-content/uploads/2022/05/logo-2x-retina.png","width":848,"height":134,"caption":"Carlos E. Sandoval, P.A."},"image":{"@id":"https://www.carlosesandoval.com/#logo"}},{"@type":"WebSite","@id":"https://www.carlosesandoval.com/#website","url":"https://www.carlosesandoval.com/","name":"Carlos Sandoval, P.A.","description":"","publisher":{"@id":"https://www.carlosesandoval.com/#organization"},"potentialAction":[{"@type":"SearchAction","target":"https://www.carlosesandoval.com/?s={search_term_string}","query-input":"required name=search_term_string"}],"inLanguage":"es"},{"@type":"ImageObject","@id":"https://www.carlosesandoval.com/es/nuestros-servicios/defensa-de-deportacion/cancelacion-de-remocion/#primaryimage","inLanguage":"es","url":"https://www.carlosesandoval.com/wp-content/uploads/2020/12/removal_defense_1.jpg","width":288,"height":95,"caption":"Cancellation Of Removal"},{"@type":"WebPage","@id":"https://www.carlosesandoval.com/es/nuestros-servicios/defensa-de-deportacion/cancelacion-de-remocion/#webpage","url":"https://www.carlosesandoval.com/es/nuestros-servicios/defensa-de-deportacion/cancelacion-de-remocion/","name":"Cancelaci\u00f3n de remoci\u00f3n | Bilingual Immigration Attorney in South Florida - Bilingual Immigration Attorney in South Florida","isPartOf":{"@id":"https://www.carlosesandoval.com/#website"},"primaryImageOfPage":{"@id":"https://www.carlosesandoval.com/es/nuestros-servicios/defensa-de-deportacion/cancelacion-de-remocion/#primaryimage"},"datePublished":"2020-09-09T09:19:43+00:00","dateModified":"2021-01-21T05:20:46+00:00","breadcrumb":{"@id":"https://www.carlosesandoval.com/es/nuestros-servicios/defensa-de-deportacion/cancelacion-de-remocion/#breadcrumb"},"inLanguage":"es","potentialAction":[{"@type":"ReadAction","target":["https://www.carlosesandoval.com/es/nuestros-servicios/defensa-de-deportacion/cancelacion-de-remocion/"]}]},{"@type":"BreadcrumbList","@id":"https://www.carlosesandoval.com/es/nuestros-servicios/defensa-de-deportacion/cancelacion-de-remocion/#breadcrumb","itemListElement":[{"@type":"ListItem","position":1,"item":{"@type":"WebPage","@id":"https://www.carlosesandoval.com/","url":"https://www.carlosesandoval.com/","name":"Home"}},{"@type":"ListItem","position":2,"item":{"@type":"WebPage","@id":"https://www.carlosesandoval.com/es/nuestros-servicios/","url":"https://www.carlosesandoval.com/es/nuestros-servicios/","name":"Nuestros Servicios"}},{"@type":"ListItem","position":3,"item":{"@type":"WebPage","@id":"https://www.carlosesandoval.com/es/nuestros-servicios/defensa-de-deportacion/","url":"https://www.carlosesandoval.com/es/nuestros-servicios/defensa-de-deportacion/","name":"Defensa de Deportaci\u00f3n"}},{"@type":"ListItem","position":4,"item":{"@type":"WebPage","@id":"https://www.carlosesandoval.com/es/nuestros-servicios/defensa-de-deportacion/cancelacion-de-remocion/","url":"https://www.carlosesandoval.com/es/nuestros-servicios/defensa-de-deportacion/cancelacion-de-remocion/","name":"Cancelaci\u00f3n de remoci\u00f3n"}}]}]}</script>
<!-- / Yoast SEO plugin. -->
